3 - (-94)/12). Suppose 2*u - 3404 = d + 3*d, -2*d = f*u - 8462. What is the tens digit of u?
9
Let p(s) = 2*s**2 - 55*s + 32. Let z = -163 - -98. Let o = 94 + z. What is the hundreds digit of p(o)?
1
Suppose -65*i - 6846 = -68*i. Let o = 3234 - i. What is the tens digit of o?
5
Let b be 7 + -10 + 4 + 4. Suppose 4*z - 2*u - 16 = 0, -12 = -b*z + 4*u + 14. What is the units digit of z?
2
Let q be 1/11 + (-464460)/(-165). Suppose 0 = 4*c + t - q, -5*t + 1373 + 2127 = 5*c. What is the units digit of c?
5
Suppose 2*w - 1888 = -30*w. Let g = 776 - w. What is the units digit of g?
7
Let s be (-13)/(-39)*(1 + 44). Let t be (1/(-2))/((-7)/(-2100)). What is the tens digit of (54/s)/((-12)/t)?
4
Let i(b) = 11*b**2 - 20*b + 0*b + 18*b - 67 + 3*b. What is the hundreds digit of i(9)?
8
Suppose -3*c = -4*p - 35, -2*c + 6*c + 5*p - 88 = 0. Suppose 4*l - c = -5. What is the tens digit of ((-70)/(-21) - l)/((-2)/(-258))?
4
Let a = 126625 + -71010. What is the tens digit of a?
1
Let x = -8 - -23. Suppose x - 3 = 3*q. Suppose 0 = q*p - z - 3*z - 84, -103 = -3*p - 5*z. What is the tens digit of p?
2
Suppose -19*z + 18*z = -1483. Suppose -14*v + z = -2045. What is the units digit of v?
2
Let j = -17 - -19. Suppose 457 = 3*o + 2*r, 4*o = j*o - 5*r + 312. What is the units digit of o?
1
Let m be -56 - ((-12)/18)/(2/(-12)). Let p be -1581*(1 - (m/9)/(-5)). Suppose -p = -4*u - 175. What is the tens digit of u?
8
Let h(i) = 2*i - 3. Let j be h(-2). What is the tens digit of 5 - 0 - (j + (-8 - 905))?
2
Let g = -2363 + 3910. Suppose 15*n = -g + 422. Let h = -50 - n. What is the tens digit of h?
2
Let p(d) = 4*d**2 + 58*d + 1016. What is the tens digit of p(-42)?
3
Let n be 3 - (5 - 2/1). Suppose 0 = d - 62 - n. Let o = 90 - d. What is the tens digit of o?
2
Suppose -2*s - 3 = -z, 0 = -3*s - 0 - 6. What is the units digit of z - (-1420 - -4) - (17 + -12)?
0
Suppose -6*w + 93 - 21 = 0. Suppose o = 3*m - w, -2*m + o - 28 = -7*m. Suppose -1826 = -m*d - 6*d. What is the units digit of d?
6
What is the units digit of -13 - (-2755 + -5) - 5?
2
Let l be 10 - -21 - (-3 + -1). Let v(q) = q**3 - 13*q**2 + 3*q + 7. Let y be v(13). Let x = y - l. What is the units digit of x?
1
Let c be (-2)/((10/40)/((-6)/16)). Suppose 5*q - 610 = -o, c*q + 3*o = 234 + 132. Let h = 137 + q. What is the tens digit of h?
5
Suppose -2*a + 5*c + 66 = 0, a - 78 = -a + 2*c. What is the tens digit of (138/(-9))/(-5 - a/(-9))?
6
Let b(v) = -1484*v + 557. What is the hundreds digit of b(-11)?
8
Let v = -35681 - -42831. What is the thousands digit of v?
7
Let z be 2*(0 - (1 + 0)). Let r(u) be the first derivative of 10*u**3/3 - 6*u - 450. What is the units digit of r(z)?
4
Let r = 123867 + -87333. What is the ten thousands digit of r?
3
Let i be (6/5)/(2/25). What is the units digit of ((-55)/i + 4)*(-3 - -1317)?
8
Suppose -r + 0*h - 4*h = -147, -4*r = -5*h - 630. Let c(s) = 2*s**3 + 25*s**2 - 13*s + 10. Let j be c(-13). Suppose j = -q + r. What is the units digit of q?
5
Let v be (-390)/(-54) - (-6)/(-27). Let t(y) = y**2 - 9*y + 16. Let n be t(v). What is the units digit of n/5 + (-58)/(-5)?
2
Let r(q) = 70*q**3 + 6*q - 24. What is the units digit of r(6)?
2
Suppose 24789 = 3*z - 3*a, 4*a = -7*z + 9*z - 16522. What is the hundreds digit of z?
2
Let a = -87 + 87. Suppose 10*b - 30752 + 712 = a. What is the hundreds digit of b/30 + (-20)/150?
1
Let h(x) = -54*x**3 - 11*x**2 - 21*x + 69. What is the thousands digit of h(-5)?
6
Let v(o) = -o**3 - 12*o**2 - 7*o + 19. Let j = 134 - 147. What is the hundreds digit of v(j)?
2
Let n(s) = 2*s**2 - 4*s**2 - 5 - 8*s + s**2. Let o be n(-4). Suppose 2*q = q + o. What is the units digit of q?
1
Let v be 4/(-18) + (-21904)/(-72). Let d = v - -54. What is the units digit of d?
8
Let f(c) = -6*c**2 - 5*c + 13. Let r be f(2). What is the units digit of (-12)/r + (4122/(-21))/(-3)?
6
Suppose 15*w = -w + 7424. Suppose 6*j - w = -2*j. What is the tens digit of (j/(-4))/(3/12*-2)?
2
Suppose 23824 = 2*c + u, -u + 4*u = 3*c - 35763. What is the tens digit of c?
1
What is the tens digit of 678368/40 + (-297)/(-165)?
6
Let l = -50 + 76. Let s = l + -25. What is the units digit of (9/15)/(2/20) + s?
7
Suppose 3*h + 116 = 17. Let b = -96 + 93. Let o = b - h. What is the units digit of o?
0
Let l = -27 - -14. Let s(r) = r**3 + 13*r**2 - r - 9. Let i be s(l). What is the units digit of i - ((-1)/(-5) - 36/(-20))?
2
Let o = -8013 + 22752. What is the tens digit of o?
3
Let v(w) = -32*w**2 - 8*w + 1. Let c be v(5). Let q = -490 - c. What is the hundreds digit of q?
3
Suppose 412*g = 406*g + 10944. Suppose 0 = 95*v - 98*v + g. What is the hundreds digit of v?
6
Let c(o) = 3141*o + 168. What is the tens digit of c(3)?
9
What is the hundreds digit of 4 - 3 - (-11 + -10019 - 8)?
0
Suppose -i - 4*m = 2*i - 31, 2*m = i + 3. Suppose i*n - 5*u = -0*u + 1600, -u - 638 = -2*n. What is the hundreds digit of n?
3
Let w = 7 + -5. Suppose 0*a + w = a, 5*a + 74 = -3*j. What is the units digit of (24/28)/((-6)/j)?
4
Let z(m) = m**3 - 16*m**2 + 62*m + 1. Let x be z(19). What is the units digit of 25/(-50)*x/(-1)?
1
Suppose -208 = -h - 206, 3*h + 22986 = 3*o. What is the tens digit of o?
6
Let n = 366 + 780. Let w = n - 480. What is the tens digit of w?
6
Suppose 146 - 26 = 8*n. Let o = n + 41. Suppose 6*c - o - 370 = 0. What is the tens digit of c?
7
What is the hundreds digit of (-6)/2 - (-9 + -53985 - -2)?
9
Let k = -725 + 1265. Suppose 12 + k = 2*q. What is the units digit of q?
6
Suppose k - g - 934 = 0, -2*g + 4*g = -4*k + 3712. Suppose -10*n + k - 40 = 0. What is the units digit of n?
9
Let j = -3818 - -7700. What is the hundreds digit of j?
8
Let z be (114/(-30))/((-3)/15). Suppose 1199 = -z*m + 23714. What is the hundreds digit of m?
1
Suppose z + 0*i = 3*i + 22, -3*i + 56 = 5*z. What is the hundreds digit of 2275/2 + (-108)/8 + z?
1
Suppose -33 - 45 = -6*g. Suppose -10*l + g*l - 600 = 0. Suppose 10*t - l = 5*t. What is the tens digit of t?
4
Suppose -3*d = 5*w - 31, 0 = -4*w - 0*d + 2*d + 16. Suppose -w*h = -4*v - 3503, 9*v - 4*v = -2*h + 1421. What is the units digit of h?
3
Let g be (2 + 8/(-2))/(4/(-14)). Suppose -g*p = -1096 + 186. What is the hundreds digit of p?
1
Let o be (2208/(-2))/(-3) + (-2)/(-2). Let s = o - -126. What is the hundreds digit of s?
4
Let m = -21462 + 33712. What is the thousands digit of m?
2
Let j = -758 - -6. Let n = 1085 + j. What is the hundreds digit of n?
3
Suppose -4*s = 0, 2*y = 9*y - 2*y - 5*s - 76935. What is the thousands digit of y?
5
Let g(x) = x**2 - 13*x + 46. Let m be g(5). Let d(p) = p**2 - 8*p - 2. Let a be d(8). What is the units digit of ((a/m)/(10/(-3090)))/1?
3
Let g = 26 + -26. Suppose -3*h + 927 = -y, 5*h + g*y = -3*y + 1559. Suppose 0*o - 107 = -2*o - 3*k, 5*o = k + h. What is the tens digit of o?
6
Suppose -370 = 4*t - 8*t - 2*b, -464 = -5*t - 3*b. Let n = -53 + t. What is the units digit of n?
8
Let y be (-18*9/24)/(9/(-24)). Suppose -2410 + y = -2*f. What is the tens digit of f?
9
Let r(t) = -44*t - 3898. What is the thousands digit of r(-118)?
1
What is the units digit of 21/(126/60) + 7611?
1
Let k(i) = 4*i**2 + 21*i + 9081. What is the thousands digit of k(98)?
9
Suppose g - 17 = -2*l, -4*g - 5*l + 2*l + 43 = 0. Suppose 63 = -0*k - g*k. What is the units digit of ((-65)/3)/(-1) + 6/k?
1
Suppose 204356 = 1661*x - 1614*x. What is the tens digit of x?
4
Suppose -4*t - 12 = 0, -93*z + 3*t - 12015 = -96*z. What is the units digit of z?
8
Let j = -306 - -292. Let a(u) = u**3 + 16*u**2 + 9*u - 5. What is the tens digit of a(j)?
6
Let y(u) = 6*u**3 - 6*u**2 - 5*u + 7. Let o be y(5). Let m = o - 302. What is the tens digit of m?
8
Suppose 15*l - 3*a = 11*l + 105306, 0 = -3*l - 5*a + 78994. Suppose -14*c = 10*c - l. What is the hundreds digit of c?
0
What is the tens digit of (1105/26)/(3/366)?
8
Let z = 116 + -119. What is the units digit of 2/z*(-38520)/80?
1
Suppose 0 = -2*v - p - 13, -4*v - 39 + 10 = -p. What is the units digit of 2*(-8298)/(-20) + v/(-35)?
0
Let y = -51 - -50. Let a be (1/(y/(-2)) - 2) + 948. Suppose -a = -155*g + 149*g. What is the tens digit of g?
5
Suppose -1376 = -2*g - v, -5 = -3*v + 7. Let u = -464 + g. What is the tens digit of u?
2
Let s be (-227)/(-9) + 116/(-36) + 3. Let f = 177 - 72. Suppose 2*o + 3*b - f = 0, -s =